s the remainder when 1873807577 is divided by 9070?
9067
Calculate the remainder when 2038475 is divided by 679486.
17
Calculate the remainder when 365029 is divided by 10130.
349
What is the remainder when 4909586 is divided by 109?
8
Calculate the remainder when 7129505 is divided by 69897.
11
What is the remainder when 180196867 is divided by 127?
123
What is the remainder when 18596213 is divided by 39?
38
What is the remainder when 3584696 is divided by 1194880?
56
What is the remainder when 19768233 is divided by 40928?
9
Calculate the remainder when 8798 is divided by 706.
326
Calculate the remainder when 7568921 is divided by 564.
41
What is the remainder when 153160793 is divided by 1206?
1205
What is the remainder when 13481043 is divided by 60183?
51
Calculate the remainder when 111952 is divided by 256.
80
Calculate the remainder when 3833672 is divided by 638934.
68
Calculate the remainder when 566634 is divided by 228.
54
What is the remainder when 548751242 is divided by 618?
614
Calculate the remainder when 1602539 is divided by 160253.
9
Calculate the remainder when 22455099 is divided by 11445.
9
What is the remainder when 3643070 is divided by 1214341?
47
What is the remainder when 8295987 is divided by 1036997?
11
Calculate the remainder when 381056 is divided by 188445.
4166
Calculate the remainder when 224759 is divided by 21871.
6049
Calculate the remainder when 38420198 is divided by 700.
698
What is the remainder when 2835967 is divided by 945321?
4
What is the remainder when 37835911 is divided by 216205?
36
What is the remainder when 340717 is divided by 14?
13
What is the remainder when 2356162 is divided by 569?
502
Calculate the remainder when 34018056 is divided by 29175.
6
Calculate the remainder when 26645 is divided by 8776.
317
What is the remainder when 14206412 is divided by 31430?
52
Calculate the remainder when 11104139 is divided by 24.
11
What is the remainder when 767147 is divided by 68?
39
What is the remainder when 182492897 is divided by 20?
17
Calculate the remainder when 37019 is divided by 11732.
1823
What is the remainder when 15856031 is divided by 3171206?
1
What is the remainder when 1946952 is divided by 218?
212
Calculate the remainder when 5709 is divided by 3835.
1874
What is the remainder when 3546328 is divided by 424?
416
What is the remainder when 472931 is divided by 348?
347
Calculate the remainder when 820529 is divided by 12.
5
Calculate the remainder when 42111 is divided by 12681.
4068
Calculate the remainder when 667226 is divided by 3791.
10
Calculate the remainder when 51439871 is divided by 264.
263
Calculate the remainder when 249815 is divided by 1032.
71
Calculate the remainder when 3047140 is divided by 190445.
20
Calculate the remainder when 11823902 is divided by 60635.
77
What is the remainder when 42302050 is divided by 3462?
3334
What is the remainder when 124956 is divided by 124923?
33
Calculate the remainder when 90838 is divided by 8820.
2638
What is the remainder when 48920027 is divided by 2744?
2739
What is the remainder when 947091 is divided by 8307?
93
What is the remainder when 3144475 is divided by 73127?
14
Calculate the remainder when 65541868 is divided by 14205.
14203
What is the remainder when 880765 is divided by 2154?
1933
Calculate the remainder when 1004260 is divided by 9474.
16
Calculate the remainder when 38041282 is divided by 16.
2
Calculate the remainder when 3739439 is divided by 1869679.
81
Calculate the remainder when 2362429 is divided by 1181204.
21
What is the remainder when 136375 is divided by 1834?
659
Calculate the remainder when 6560746 is divided by 993.
988
What is the remainder when 180650113 is divided by 50?
13
What is the remainder when 1424768 is divided by 2464?
576
Calculate the remainder when 568679 is divided by 343.
328
What is the remainder when 6020222 is divided by 64?
62
Calculate the remainder when 19671984 is divided by 184.
176
Calculate the remainder when 20895233 is divided by 1265.
1228
What is the remainder when 357477 is divided by 462?
351
Calculate the remainder when 259765239 is divided by 3092443.
27
What is the remainder when 22288 is divided by 2195?
338
Calculate the remainder when 44562211 is divided by 44562182.
29
What is the remainder when 17499590 is divided by 88?
86
What is the remainder when 315794 is divided by 28650?
644
What is the remainder when 113005 is divided by 420?
25
What is the remainder when 2217959 is divided by 2196?
2195
Calculate the remainder when 255985791 is divided by 17.
12
What is the remainder when 156357024 is divided by 25?
24
Calculate the remainder when 5007510 is divided by 1669155.
45
Calculate the remainder when 93314245 is divided by 118269.
4
What is the remainder when 76099 is divided by 5435?
9
Calculate the remainder when 469214 is divided by 1534.
1344
What is the remainder when 3570624 is divided by 345?
219
What is the remainder when 1140083 is divided by 284999?
87
What is the remainder when 28522944 is divided by 30?
24
Calculate the remainder when 273772217 is divided by 291.
290
Calculate the remainder when 164685 is divided by 13187.
6441
What is the remainder when 36110517 is divided by 1110?
1107
What is the remainder when 72534594 is divided by 133?
118
Calculate the remainder when 5605 is divided by 189.
124
Calculate the remainder when 129844787 is divided by 2495.
2492
What is the remainder when 24843889 is divided by 230?
209
What is the remainder when 43146 is divided by 4663?
1179
What is the remainder when 1196414 is divided by 716?
694
What is the remainder when 1904962 is divided by 153?
112
What is the remainder when 4723987 is divided by 944795?
12
What is the remainder when 9190989 is divided by 541?
481
What is the remainder when 62530089 is divided by 521084?
9
What is the remainder when 3311342 is divided by 3961?
3907
Calculate the remainder when 13419958 is divided by 31.
27
Calculate the remainder when 978538 is divided by 5864.
5114
Calculate the remainder when 2390167 is divided by 34640.
7
What is the remainder when 37097 is divided by 443?
328
What is the remainder when 30253983 is divided by 250?
233
Calculate the remainder when 1447831 is divided by 723903.
25
What is the remainder when 1705678 is divided by 189343?
1591
Calculate the remainder when 991229 is divided by 625.
604
What is the remainder when 1275083 is divided by 5097?
833
Calculate the remainder when 568775 is divided by 1525.
1475
What is the remainder when 35978 is divided by 3856?
1274
What is the remainder when 11249094 is divided by 143?
142
What is the remainder when 14096401 is divided by 489?
487
Calculate the remainder when 2794650 is divided by 3551.
13
Calculate the remainder when 3688 is divided by 411.
400
What is the remainder when 520419 is divided by 489?
123
What is the remainder when 5996461 is divided by 71?
14
Calculate the remainder when 639962 is divided by 4886.
4782
What is the remainder when 19437 is divided by 2070?
807
Calculate the remainder when 128920 is divided by 32226.
16
Calculate the remainder when 274448 is divided by 1542.
1514
What is the remainder when 17600471 is divided by 5866816?
23
Calculate the remainder when 2476131 is divided by 412688.
3
What is the remainder when 1390505 is divided by 52?
25
Calculate the remainder when 47589789 is divided by 1348.
1345
What is the remainder when 336910 is divided by 25916?
2
What is the remainder when 1467348 is divided by 202?
20
What is the remainder when 90316 is divided by 265?
216
Calculate the remainder when 4526279 is divided by 1782.
1781
Calculate the remainder when 183570 is divided by 45857.
142
Calculate the remainder when 3300534 is divided by 136.
86
Calculate the remainder when 31815098 is divided by 20.
18
Calculate the remainder when 5653259 is divided by 66.
29
Calculate the remainder when 637586445 is divided by 16.
13
Calculate the remainder when 984446 is divided by 999.
431
Calculate the remainder when 94140 is divided by 89336.
4804
Calculate the remainder when 340057 is divided by 477.
433
Calculate the remainder when 2650299 is divided by 19205.
9
Calculate the remainder when 14273 is divided by 14187.
86
Calculate the remainder when 20140491 